reatest common divisor of g and 39?
13
Let u be -15*(-21)/18*60/35. Let d(i) = -i**3 - 4*i**2 - 10*i - 6. Let h be d(-8). Calculate the greatest common factor of h and u.
30
Suppose 3*a - 16 = -2*d, d - 2*d = 3*a - 14. Let m be (-6)/(-9)*24/a. Suppose -q + m = q. What is the highest common factor of 22 and q?
2
Let g(x) = -5*x - 3. Let y be g(-5). Let n = y - 12. Let j = -68 - -73. What is the highest common divisor of j and n?
5
Suppose -5*j + 15 = t, -j - 9 = 2*j - 3*t. Let k be 92/12 + j/(-3). What is the greatest common divisor of 49 and k?
7
Let k(y) = 8*y + 11. Let w be k(2). Suppose -5*u + 35 + 37 = 4*j, -j + 18 = -4*u. What is the greatest common factor of j and w?
9
Suppose 2*h - 135 = -3*h. Let w = h - 16. Suppose 285 - 65 = 5*x. What is the greatest common factor of x and w?
11
Suppose -2*l + 73 = 3*g, 0 = g - 2*g + 4*l + 1. What is the highest common factor of g and 21?
21
Suppose 0 = -3*z - z + 12. Suppose -z*s = 2*m - 4*s - 6, 3*m = 5*s + 2. Calculate the greatest common divisor of m and 20.
4
Let d(a) = -17*a - 1. Let t be d(-1). Suppose z - t = -4*s, 5*s - 8 - 12 = 5*z. Suppose -48*j + 8 = -46*j. Calculate the highest common divisor of s and j.
4
Let q(a) be the first derivative of a**4/4 - 11*a**3/3 - 3*a**2/2 + 13*a + 12. Let j be q(12). Let p = 14 + -3. What is the highest common divisor of j and p?
11
Suppose r + 6 = 2. Let m = -12 - r. Let p = 10 + m. Calculate the greatest common factor of p and 8.
2
Suppose -12*i + 10*i + 24 = 0. Calculate the highest common divisor of i and 60.
12
Let j(t) = t**2 + t - 2. Let f be j(-2). Suppose f*l = l - 9. Let p(q) = -q**2 + 10*q. Let n be p(l). Calculate the greatest common factor of n and 81.
9
Suppose -2*k - 3*t + 78 = -t, 2*t = -3*k + 113. Calculate the highest common factor of k and 5.
5
Let k(m) = -m**3 + m - 1. Let d = -7 + 5. Let s be k(d). What is the highest common factor of 10 and s?
5
Let x(t) = t**3 - 2*t**2 - 6*t + 9. Let i be (6/(-9) + 0)*-36. Suppose 3*f + f = i. Let b be x(f). What is the greatest common factor of b and 13?
13
Let u be 6/4*(-66)/(-9). What is the greatest common factor of 66 and u?
11
Suppose 17 = 2*w - 5*l - 0*l, 5*w + 4 = -3*l. What is the greatest common divisor of w and 1?
1
Let u be (3 + -1 + 8)*2. Calculate the highest common divisor of 20 and u.
20
Let s(n) = -2*n. Let d be s(-6). Suppose -4*b + 5*b - d = 0. Let k be (b/(6/3))/1. Calculate the highest common divisor of k and 18.
6
Suppose -5*k - 3*f = -11, -17 = -2*k - 0*f + 3*f. Suppose 0*w - 4 = -k*w. Suppose 8 = v - w. Calculate the greatest common divisor of 81 and v.
9
Let p = 19 + 22. Let w = p + -25. Calculate the highest common divisor of w and 24.
8
Suppose 2*h - 4*s - 6 = 0, 4*h + s - 12 = -4*s. Let d = -92 - -129. Let g = -10 + d. Calculate the highest common factor of g and h.
3
Let j be 17 + -14 - (-6)/2. Suppose -l + 2*z = 2*l - 37, -2*z = 3*l - 53. What is the highest common divisor of l and j?
3
Suppose 2*i + 5 = -a + 4*a, -3*a = 3*i - 15. Suppose -w + 0*y + 4*y = -28, -i*w + 52 = -4*y. What is the highest common factor of w and 6?
6
Let g(h) = 2*h + 17. Let j be g(-4). What is the highest common divisor of j and 18?
9
Suppose 4*b + 9 = 25. Let q(m) = 3*m**2 - 3*m - 1. Let i be q(b). Suppose 7 = 4*a - 3*a. What is the highest common divisor of a and i?
7
Suppose 24*i + 252 = 31*i. Calculate the greatest common factor of 96 and i.
12
Suppose 6 = -3*m + 78. Calculate the greatest common divisor of m and 96.
24
Suppose 7*i - 3*i = -44. Let p = i - -15. What is the highest common factor of 1 and p?
1
Let i(w) = -w - 13. Let t be i(-7). Let h(y) = -3*y + 3. Let s be h(t). What is the greatest common divisor of 147 and s?
21
Suppose -5*u + 122 = 3*v - 2*v, -5*u = -3*v - 114. What is the highest common divisor of 24 and u?
24
Let r = 182 + -87. Suppose -i + r = -48. Calculate the greatest common factor of 13 and i.
13
Let k be 3/(-2*6/(-200)). Suppose 4 = 5*z - 46. Calculate the greatest common divisor of k and z.
10
Let b be 442/2 - -2 - -1. Suppose 0 = -4*n + b + 32. What is the greatest common divisor of n and 8?
8
Suppose -1 = -2*t - h, -3*t - 4*h + 0*h = 1. Let r be (7 + (-3)/3)/t. Let f = -2 + r. What is the highest common divisor of 16 and f?
4
Suppose p + 7 + 3 = 3*r, 0 = 5*p + 2*r - 35. Suppose -57 = -t - 0*t + p*y, -5*t + 225 = -5*y. Let v = 47 + -19. What is the greatest common factor of v and t?
14
Suppose 0 = 2*f - 5*b - 7, -3*b + 5*b - 6 = 0. What is the greatest common factor of 77 and f?
11
Suppose 0*s - 168 = -2*s. Suppose s = -4*x + 2*x. Let t be (-8)/20 - x/5. What is the greatest common divisor of t and 40?
8
Suppose 0 = 3*o - 14 - 16. Let y be (o/(-15))/((-1)/6). Calculate the highest common factor of y and 4.
4
Let x be (3 - 8)/(1/(-9)). Let a = -8 - -14. Suppose 2*p = a*p - 36. Calculate the highest common factor of x and p.
9
Let i be -1 + 1 + 0 + 62. Let n = i - 22. Let m be (n/6)/((-1)/(-3)). Calculate the highest common divisor of 50 and m.
10
Let l(r) = -4*r - 49. Let y be l(-14). What is the highest common divisor of y and 56?
7
Let s be 3 + 2 - (-4)/(-2). What is the highest common divisor of 33 and s?
3
Let a(p) = 4*p**2 - p + 1. Let i be a(-2). Let h = -1 + i. Suppose -4*k + h = -26. Calculate the greatest common divisor of 1 and k.
1
Let b = -2 + -3. Let c = b + 21. Let h be ((-29)/(-3) + -9 + 6)*6. What is the highest common divisor of c and h?
8
Suppose b - 104 = 3*m, 2*m + 208 = 2*b - 2*m. Calculate the greatest common factor of b and 13.
13
Let j be 29/2 + 2/(-4). Let c(t) be the second derivative of 69*t**5/20 + t**3/6 - 2*t. Let q be c(1). What is the highest common factor of q and j?
14
Suppose -d = -7 - 1. Let j = -45 + 57. Calculate the greatest common factor of j and d.
4
Let r = 24 - 12. Calculate the greatest common divisor of r and 60.
12
Suppose -4*d - 41 = -6*d - 3*w, w = -3*d + 51. Calculate the greatest common divisor of d and 16.
16
Suppose -c + 41 = -2*a - 23, -6 = 3*a. Suppose -2*t = 5*r - 52, 5*t + 65 - 241 = -r. Let j be t/21*(-1 - -15). Calculate the greatest common factor of c and j.
12
Suppose 3*n = -n - 68. Let m = 26 + n. Let v be (-1 - (-4 - -2)) + 8. What is the highest common divisor of v and m?
9
Let b = 27 + -22. What is the greatest common factor of b and 55?
5
Let q be (30/(-10) - (1 - 1)) + 15. Calculate the highest common factor of q and 4.
4
Let x be (-330)/(-9) - (-8)/(-12). Let u = 30 - 21. What is the greatest common factor of x and u?
9
Suppose 4*q - 19 = 3*r - 61, 21 = r + q. Suppose 4*a = a + 36. What is the greatest common factor of a and r?
6
Suppose -2 + 14 = -3*d. Let c(k) = k**3 + 5*k**2 + 2*k - 5. Let x be c(d). Suppose -2*f - x*f + 20 = 0. What is the highest common divisor of 44 and f?
4
Let z(k) be the second derivative of k**3/3 + 5*k**2 + 2*k. Let t be z(9). What is the greatest common factor of 4 and t?
4
Suppose -5*f + 20 = 5*u, -3*u + 1 = u - f. What is the highest common divisor of 7 and u?
1
Suppose 0 = -0*g - 5*g. Suppose -4*j = -4*f + 76, g*f + f - 17 = 2*j. Calculate the highest common factor of f and 7.
7
Let v(p) = 2*p + 3. Let t be v(-4). Let d = 7 + t. Suppose k + 0*k + a = 11, -2 = d*a. Calculate the highest common divisor of k and 4.
4
Let m be 47*3/9*3. Suppose 2*g = -2*g + 3*r + m, -4*g + 4*r + 52 = 0. What is the greatest common factor of g and 4?
4
Let a be ((-40)/(-12))/((-3)/(-9)). Calculate the greatest common factor of a and 70.
10
Suppose -5*q = 3*z + 1, 6 = 5*z + 3*q - 19. Calculate the highest common divisor of z and 20.
4
Suppose -4*n + 2 = 2*q - 0*n, 5*q = 2*n + 41. Let m = 8 - q. Suppose 21 = 3*f - 3*u, 0*f + f - 13 = -5*u. What is the highest common factor of m and f?
1
Let x be 1 + (-1 + -3 - -17). What is the highest common factor of 70 and x?
14
Suppose -9*n + 4*n + 30 = 0. Let m be (-1 - 1) + (n - -1). Let i be (-2)/4 - (-91)/2. Calculate the highest common divisor of m and i.
5
Let p be (1 + -31)*(0 + -1). Let q be -3 + (-5)/(15/(-144)). Calculate the highest common divisor of q and p.
15
Let s = 65 - 2. Let m = -1 - -5. Let a be (28/3)/(m/18). Calculate the greatest common divisor of s and a.
21
Let r be (-2)/1 + 6 + -2. Let l be 397/2 - r/4. Calculate the greatest common divisor of 22 and l.
22
Suppose 4*m + 0*q = q + 118, -4*m + 116 = -2*q. What is the greate